Let o = -10 + 16. Suppose y - 2 = -o. Calculate q(y).
-10
Suppose -3*u + 3*n + 0*n + 39 = 0, -4*n = 5*u - 29. Suppose 0 = 5*l - 2*d + 4, -1 = -4*l + 4*d - u. Let z(h) = -h**2 + h - 5. Give z(l).
-5
Let u(v) = -5*v - 1. Let a be (8/(-28))/((-1)/7). Suppose -3*t + 4*c + 15 = 5, 2*c = 3*t - a. Calculate u(t).
9
Suppose 2*y + z = -3, 4*z + 16 - 48 = 3*y. Let k(r) = -r**2 - 6*r - 2. What is k(y)?
6
Let j(i) = -i + 1. Let q(b) be the third derivative of -b**5/60 - 3*b**4/8 - b**3/3 - b**2. Let k be q(-8). What is j(k)?
-5
Let x(w) = 0*w**2 + 4*w**2 - 5*w**2 - 4 + 8*w. Let n = -17 - -22. What is x(n)?
11
Suppose t - 10 = -t. Let r(v) = -v + 6 + 1 - t. What is r(5)?
-3
Let l(f) = -f - f + 5*f + f**3 + 3*f**2. Let b(n) be the third derivative of n**6/120 + n**5/60 + n**3/3 - 3*n**2. Let w be b(-2). Determine l(w).
-2
Let o(r) = 83*r**2 + 9*r + 4 - 168*r**2 + 84*r**2. What is o(9)?
4
Suppose 0*z + 2*z + s - 10 = 0, z + 2*s = 2. Let c(q) = -14*q - 6. Let g(x) = x + 1. Let j(b) = -c(b) - 12*g(b). Determine j(z).
6
Let w = 9 + -6. Let j = -4 + 6. Let i(f) = f**3 + 1 + f + f**j + f + w*f**2. What is i(-3)?
4
Suppose b - 45 = -2*b. Suppose k + 19 = -6*q + q, 5*q + 5*k + b = 0. Let g(f) = 3*f + 2 - f**2 + 7*f - 13*f. What is g(q)?
-2
Let j(d) = 11*d - 7. Let y(l) be the second derivative of -l**3/6 + l**2/2 + 6*l. Let h(s) = -j(s) - 6*y(s). Give h(1).
-4
Suppose -3*m = -0*m + 5*m. Let a(n) be the third derivative of 1/60*n**5 - 7/24*n**4 + 1/6*n**3 + m*n + 0 + n**2. Calculate a(6).
-5
Let v(k) = 0*k + k**2 - 1 - k + 0. Let t(p) = p**3 - 8*p**2 + 8*p - 1. Let y(h) = t(h) + 3*v(h). Calculate y(4).
0
Let x(k) be the first derivative of -2*k**2 + 3*k + 1. What is x(-3)?
15
Suppose 0 = -16*j + 14*j - 10. Let z(d) = 4*d**2 + 29*d - 3. Let p(x) = -x**2 - 7*x + 1. Let q(h) = -9*p(h) - 2*z(h). Calculate q(j).
-3
Suppose 0 = -u - 1 + 5. Suppose -4*p = u*q, -2*p = -3*q - p + 8. Let i(s) = 3*s**2 - 2*s - 1. Determine i(q).
7
Let j(t) = -t**3 - 6*t**2 - 6*t - 3. Suppose 4*w - 20 = 4*y - 0*w, y + 2*w = -5. Give j(y).
2
Let l(q) be the third derivative of q**4/24 + q**3/3 + 4*q**2 - 4. Calculate l(-5).
-3
Let h(w) = 11*w**2 + 6*w - w**3 - 35*w**2 + 14*w**2 + 14*w**2 - 6. What is h(5)?
-1
Let m(r) = r**3 + 5*r**2 - 3*r - 5. Suppose -c + 0 - 4 = -3*o, o - 4 = 0. Suppose -5*i - 17 = c. Determine m(i).
10
Let d(u) = u**3 - 2*u**2 - 3*u - 2. Let g be d(3). Let p(l) = -l**3 - 3*l**2 - l. Give p(g).
-2
Let j(r) = -7*r - 13. Let f(i) = 8*i + 14. Let g(n) = -6*f(n) - 7*j(n). Calculate g(0).
7
Let b(v) = -2*v + 4. Let m(y) = -17*y + 1. Let f(p) = 6*p. Let i(a) = -11*f(a) - 4*m(a). Let s(r) = 5*b(r) + 6*i(r). Suppose 0 = 21*z - 12*z - 45. Give s(z).
6
Let h(x) = -x**2 + 4*x + 6. Suppose 6*o + 9 = 9*o. Suppose -n + 3*n = o*k - 3, -5*k + 13 = -2*n. What is h(n)?
-6
Let g(v) = v**3 - 2*v**2 + 2*v - 1. Suppose 0*m - 3*m = -12. Suppose 0*i - 20 = -m*i. Let z be (-2)/i - (-7)/5. Determine g(z).
0
Let m(i) = -2*i**2 - 2 + 3*i**2 + 4*i + 0. Give m(-7).
19
Suppose -5*c - 2*r = 0, 2*r = -c - 8 - 0. Let h(f) = c*f**3 + 0*f - 4*f**2 - 2*f + 3*f + 2. Suppose -g + 4 = g. Determine h(g).
4
Let b(p) = -p**2 - 4*p - 3. Let k be b(-3). Let t(h) = 23*h - 48*h - 7 + 24*h. Determine t(k).
-7
Let c(o) = 3*o - 19 - 5*o + 23. What is c(7)?
-10
Suppose -8 = -2*z + 3*k, -z = 5*k + 2 - 6. Let y(r) = -6 + 5*r**2 + 3*r**3 - 7*r - 1 - 11*r**2 - z*r**3. What is y(-5)?
3
Let l(z) = -4*z - z**3 + z + 0*z + 2 + z**2 + 0*z. Determine l(2).
-8
Let l = -1 - -2. Let f(w) = w. Let m(c) = -4*c**2 - 6*c + 1. Suppose -z + 0*z = 4. Let o(u) = z*f(u) - m(u). Calculate o(l).
5
Let w(b) = -4*b**3 - 3*b**2 - 3*b. Let f(z) = z**3 - z**2 - z + 1. Let p = 5 + -4. Let g(n) = p*w(n) + 3*f(n). Determine g(-5).
8
Let q be (-2)/((-10)/(-4) - 2). Let o be q/(-5)*440/(-16). Let c be -3*(2 + o/6). Let g(k) = k**2 - 4*k - 4. What is g(c)?
1
Suppose -v - 5*r = 3, 3*v - r + 9 = -0*v. Let n = v + 3. Let f = -1 - n. Let c(d) = 2*d**3 + 2*d**2 + 2*d + 1. Calculate c(f).
-1
Let n(f) = 18*f**2 - 43*f + 33. Let p(s) = -s**2 + s - 1. Let q(r) = n(r) + 2*p(r). Let c(t) = -3*t**2 + 8*t - 6. Let j(y) = 11*c(y) + 2*q(y). Determine j(4).
4
Let h(r) be the second derivative of r**7/2520 - r**6/240 - r**5/24 + r**4/6 + r. Let b(q) be the third derivative of h(q). Let d = 0 + 4. Give b(d).
-1
Let s(r) be the first derivative of -r**4/4 + 2*r**3 - 5*r**2/2 + 6*r - 1. Calculate s(5).
6
Let q(g) = 6*g. Suppose 0*k - k = -1. Let l be k - (0 + 3) - 0. Let f be (-2)/(6/(-5 - l)). Give q(f).
6
Let i(b) be the second derivative of -b**5/20 - 5*b**4/12 + b**3 - 3*b**2 + b. Let o = -30 + 24. Determine i(o).
-6
Let w(x) = 44*x - 86*x + 3 + 41*x. Let a = -9 + 16. What is w(a)?
-4
Let f(y) = -y**2 - 3*y + 2. Let n be (-31)/(-11) - 2/(-11). Suppose -n*q = 4 + 5. Give f(q).
2
Let b(a) = -2*a**2 + a**2 + 0 - 6*a + 5. Let n = -107 + 100. Determine b(n).
-2
Let w(f) be the third derivative of -f**5/60 + f**4/24 + 8*f**3/3 + f**2. Give w(0).
16
Let c(v) be the second derivative of -v**8/6720 + v**7/1260 - v**6/360 + v**5/40 + v**4/6 + 2*v. Let n(q) be the third derivative of c(q). Give n(2).
-1
Let r(u) = u**2 - 2*u + 2. Let y = 23 + -20. Determine r(y).
5
Let z(v) = -3 + 2*v - 3*v**2 + 2 + 2. Let p(t) = -t - 3. Let x = 7 - 12. Let h be p(x). Calculate z(h).
-7
Let k(y) = 7 - y**2 + 1 - 7 - 6*y**3. Suppose 5*x + 5 = -0. Give k(x).
6
Let i be 1/(1/(-3)*-3). Let n(v) = -6*v - 2. Let m(d) = d + 1. Suppose -5*c = -5*s + 4 + 36, 1 = 2*s + 3*c. Let k(b) = i*n(b) + s*m(b). Determine k(0).
3
Suppose -2*o + 0 + 4 = 0. Suppose o*p - 3 = -5. Let f(m) = 5*m - 2*m - 2*m - 1. What is f(p)?
-2
Let a(c) be the first derivative of -c + 1/2*c**2 + 1. Give a(-2).
-3
Let n(q) = -9*q - q**2 - 6*q**2 - 6 + 7*q**2 + q**2. Determine n(9).
-6
Let z(a) = -4*a. Let u be -3 + 3 - 8/2. Calculate z(u).
16
Let m(i) = -12*i**2 - i. Let h(s) = -s**3 + 3*s**2 + 3*s + 3. Let y be h(4). What is m(y)?
-11
Let w be (-1)/(-4)*2/3. Let i(d) be the second derivative of w*d**3 + 0 + d**2 - 2*d. Determine i(2).
4
Let w(l) = -2*l - 1. Let r(s) = s**2 - 6*s + 4. Let j be r(3). Let z(v) = v**2 + 4*v + 3. Let p(b) = j*w(b) - 2*z(b). Suppose 0*a - 3 = -3*a. Calculate p(a).
-1
Suppose -5 + 29 = 8*s. Let p(j) = -j - 3. Determine p(s).
-6
Let l be (24/16)/((-3)/(-8)). Let i be 340/35 + l/14. Let a(g) = -3*g**3 + i*g**3 - 1 + 4*g**2 - 2*g**2. Determine a(-1).
-6
Let u(r) = 2*r**3 + 2*r + 1. Suppose -5 = -3*k + 4. Let t(w) = -5*w + 4 + 0 + w + k*w. Let o be t(5). Determine u(o).
-3
Let t(p) = 2*p**2 - p - 1. Suppose o + 2 = 4*z + 20, -o = -z - 6. Let k(r) = -3*r**2 + r + 2. Let l(s) = z*t(s) - 3*k(s). What is l(2)?
4
Let d = 6 - 17. Let u be (-24)/d + (-2)/11. Let z(k) = -3*k**2 + k + 2. Give z(u).
-8
Let o(y) = y**2 - 8*y - 8. Let t(m) = m**2 - 9*m - 9. Let j(i) = -4*o(i) + 3*t(i). Determine j(5).
5
Let w(r) = -r**2 - 5*r - 2. Let m be w(-4). Let c(b) = -b**2 + 2*b**m - b - 4 - 2*b. Let o = -2 - -7. Determine c(o).
6
Let h = 2 - 7. Let g(j) = j**3 - 1. Let p(y) be the second derivative of -y**5/10 + 5*y**4/12 - 2*y**2 + 2*y. Let r(n) = 3*g(n) + p(n). Calculate r(h).
-7
Let b be (4/2)/(-3 + 10 + -5). Let c(a) = 24*a**2. What is c(b)?
24
Let g(y) = -y. Let u(s) = 2*s + 3. Let h(j) = 4*g(j) + u(j). What is h(2)?
-1
Let n = -51 - -49. Let v(q) = q**3 + q**2 - q + 1. What is v(n)?
-1
Let j(c) be the third derivative of -1/2*c**3 + 5*c**2 + 1/24*c**4 + 0*c + 0. Calculate j(0).
-3
Suppose 3*l + 0*l = -5*z + 7, -3*z + 3*l + 9 = 0. Suppose 5*u + 5*x = 10 - 0, 0 = 4*u - 2*x - 8. Let o(a) = 3*a + a**2 - u*a**z + 0*a**2 - 1. Give o(3).
-1
Let q(i) = i**2 - 6*i - 7. Let h(b) = 4*b + 6. Let y be h(0). Calculate q(y).
-7
Let u(k) = k**3 + 6*k**2 + 4. Let j be u(-6). Let m(h) be the third derivative of -h**2 + 0 + 3/8*h**j + 0*h**3 + 0*h. Give m(-1).
-9
Let f(s) = s**3 - 2*s**2 + s - 1. Let q(v) = v**3 + 3*v**2 + 2*v + 2. Let n be q(-2). Suppose 0 = -n*t + 2. Give f(t).
-1
Let k(z) be the third derivative of z**6/120 - 2*z**5/15 + 11*z**4/24 - 5*z**3/3 - 31*z**2. Give k(7).
18
Let z(n) be the third derivative of 1/30*n**5 + 0 + 0*n + 7*n**2 + 1/3*n**3 + 1/24*n**4. Calculate z(-2).
8
Suppose 4*z + 9 = -11. Let n(y) be the third derivative of -y**6/120 - y**5/12 + y**4/12 + y**3 + 3*y**2. Calculate n(z).
-4
Let l be 48/28 - 4/(-14). Let i(n)